{"id":7682,"date":"2013-01-08T10:37:52","date_gmt":"2013-01-08T09:37:52","guid":{"rendered":"http:\/\/fa86.noblogs.org\/files\/2013\/01\/un-anneau-pour-les-gouverner-tous-et-dans-les-t\u00e9n\u00e8bres-les-lier.jpg"},"modified":"2013-01-08T10:37:52","modified_gmt":"2013-01-08T09:37:52","slug":"un-anneau-pour-les-gouverner-tous-et-dans-les-tenebres-les-lier","status":"inherit","type":"attachment","link":"https:\/\/fa86.noblogs.org\/?attachment_id=7682","title":{"rendered":"un anneau pour les gouverner tous et dans les t\u00e9n\u00e8bres les lier"},"author":2691,"featured_media":0,"comment_status":"open","ping_status":"open","template":"","meta":[],"class_list":["post-7682","attachment","type-attachment","status-inherit","hentry"],"description":{"rendered":"<p class=\"attachment\"><a href='https:\/\/fa86.noblogs.org\/files\/2013\/01\/un-anneau-pour-les-gouverner-tous-et-dans-les-t\u00e9n\u00e8bres-les-lier.jpg'><img loading=\"lazy\" decoding=\"async\" width=\"300\" height=\"260\" src=\"https:\/\/fa86.noblogs.org\/files\/2013\/01\/un-anneau-pour-les-gouverner-tous-et-dans-les-t\u00e9n\u00e8bres-les-lier.jpg\" class=\"attachment-medium size-medium\" alt=\"\" \/><\/a><\/p>\n"},"caption":{"rendered":"<p>\u00ab\u00a0Un anneau pour les gouverner tous et dans les t\u00e9n\u00e8bres les lier\u00a0\u00bb<\/p>\n"},"alt_text":"","media_type":"image","mime_type":"image\/jpeg","media_details":{"width":300,"height":260,"file":"2013\/01\/un-anneau-pour-les-gouverner-tous-et-dans-les-t\u00e9n\u00e8bres-les-lier.jpg","sizes":{"thumbnail":{"file":"un-anneau-pour-les-gouverner-tous-et-dans-les-t\u00e9n\u00e8bres-les-lier-150x150.jpg","width":150,"height":150,"mime_type":"image\/jpeg","source_url":"https:\/\/fa86.noblogs.org\/files\/2013\/01\/un-anneau-pour-les-gouverner-tous-et-dans-les-t\u00e9n\u00e8bres-les-lier-150x150.jpg"},"post-thumbnail":{"file":"un-anneau-pour-les-gouverner-tous-et-dans-les-t\u00e9n\u00e8bres-les-lier-300x198.jpg","width":300,"height":198,"mime_type":"image\/jpeg","source_url":"https:\/\/fa86.noblogs.org\/files\/2013\/01\/un-anneau-pour-les-gouverner-tous-et-dans-les-t\u00e9n\u00e8bres-les-lier-300x198.jpg"},"full":{"file":"un-anneau-pour-les-gouverner-tous-et-dans-les-t\u00e9n\u00e8bres-les-lier.jpg","width":300,"height":260,"mime_type":"image\/jpeg","source_url":"https:\/\/fa86.noblogs.org\/files\/2013\/01\/un-anneau-pour-les-gouverner-tous-et-dans-les-t\u00e9n\u00e8bres-les-lier.jpg"}},"image_meta":{"aperture":0,"credit":"","camera":"","caption":"","created_timestamp":0,"copyright":"","focal_length":0,"iso":0,"shutter_speed":0,"title":""}},"post":7679,"source_url":"https:\/\/fa86.noblogs.org\/files\/2013\/01\/un-anneau-pour-les-gouverner-tous-et-dans-les-t\u00e9n\u00e8bres-les-lier.jpg","_links":{"self":[{"href":"https:\/\/fa86.noblogs.org\/index.php?rest_route=\/wp\/v2\/media\/7682","targetHints":{"allow":["GET"]}}],"collection":[{"href":"https:\/\/fa86.noblogs.org\/index.php?rest_route=\/wp\/v2\/media"}],"about":[{"href":"https:\/\/fa86.noblogs.org\/index.php?rest_route=\/wp\/v2\/types\/attachment"}],"author":[{"embeddable":true,"href":"https:\/\/fa86.noblogs.org\/index.php?rest_route=\/wp\/v2\/users\/2691"}],"replies":[{"embeddable":true,"href":"https:\/\/fa86.noblogs.org\/index.php?rest_route=%2Fwp%2Fv2%2Fcomments&post=7682"}],"wp:attached-to":[{"embeddable":true,"post_type":"post","id":7679,"href":"https:\/\/fa86.noblogs.org\/index.php?rest_route=\/wp\/v2\/posts\/7679"}],"curies":[{"name":"wp","href":"https:\/\/api.w.org\/{rel}","templated":true}]}}

http://fa86.noblogs.org/files/2013/01/un-anneau-pour-les-gouverner-tous-et-dans-les-ténèbres-les-lier.jpg

un anneau pour les gouverner tous et dans les ténèbres les lier

<p class="attachment"><a href='https://fa86.noblogs.org/files/2013/01/un-anneau-pour-les-gouverner-tous-et-dans-les-ténèbres-les-lier.jpg'><img loading="lazy" decoding="async" width="300" height="260" src="https://fa86.noblogs.org/files/2013/01/un-anneau-pour-les-gouverner-tous-et-dans-les-ténèbres-les-lier.jpg" class="attachment-medium size-medium" alt="" /></a></p>

<p>« Un anneau pour les gouverner tous et dans les ténèbres les lier »</p>

2013/01/un-anneau-pour-les-gouverner-tous-et-dans-les-ténèbres-les-lier.jpg

un-anneau-pour-les-gouverner-tous-et-dans-les-ténèbres-les-lier-150x150.jpg

https://fa86.noblogs.org/files/2013/01/un-anneau-pour-les-gouverner-tous-et-dans-les-ténèbres-les-lier-150x150.jpg

un-anneau-pour-les-gouverner-tous-et-dans-les-ténèbres-les-lier-300x198.jpg

https://fa86.noblogs.org/files/2013/01/un-anneau-pour-les-gouverner-tous-et-dans-les-ténèbres-les-lier-300x198.jpg

un-anneau-pour-les-gouverner-tous-et-dans-les-ténèbres-les-lier.jpg

https://fa86.noblogs.org/files/2013/01/un-anneau-pour-les-gouverner-tous-et-dans-les-ténèbres-les-lier.jpg
