{"id":29,"date":"2011-05-16T16:13:37","date_gmt":"2011-05-16T14:13:37","guid":{"rendered":"http:\/\/fa86.noblogs.org\/?page_id=29"},"modified":"2013-03-25T10:29:30","modified_gmt":"2013-03-25T09:29:30","slug":"outils-militants","status":"publish","type":"page","link":"https:\/\/fa86.noblogs.org\/?page_id=29","title":{"rendered":"Outils"},"content":{"rendered":"<p style=\"text-align: justify\"><strong>PARUTION DU PREMIER TOME DU GUIDE D&rsquo;AUTOD\u00c9FENSE NUM\u00c9RIQUE<\/strong><\/p>\n<p style=\"text-align: justify\">Cet ouvrage vise \u00e0 pr\u00e9senter l\u2019\u00ababsence d\u2019intimit\u00e9\u00bb du monde num\u00e9rique et des m\u00e9thodes pour ajuster ses pratiques en cons\u00e9quence.<\/p>\n<p style=\"text-align: justify\">Beaucoup d\u2019entre nous utilisent quotidiennement, et souvent avec une certaine insouciance, les technologies num\u00e9riques. Pourtant, ce qui a motiv\u00e9 leur cr\u00e9ation et leur d\u00e9veloppement, tout autant que certaines affaires r\u00e9centes, m\u00e9rite qu\u2019on apprenne \u00e0 d\u00e9samorcer le potentiel de surveillance et de r\u00e9pression dont elles sont toutes porteuses.<\/p>\n<p style=\"text-align: justify\"><a href=\"http:\/\/guide.boum.org\/\" target=\"_blank\">http:\/\/guide.boum.org\/<\/a><\/p>\n<p style=\"text-align: justify\"><strong>LE GUIDE DU MANIFESTANT ARR\u00caTE<\/strong><\/p>\n<p style=\"text-align: justify\">\u00ab\u00a0Il n\u2019a d\u2019autre ambition que d\u2019exposer les droits et devoirs des citoyens et de la puissance publique dans l\u2019une des expressions majeures de la d\u00e9mocratie que constitue la manifestation, de rappeler l\u2019imp\u00e9rative conciliation des n\u00e9cessit\u00e9s de l\u2019ordre public et du droit constitutionnel des citoyens \u00e0 la s\u00fbret\u00e9 contre les incursions de l\u2019administration et par-dessus tout, de mettre chacun en garde contre les cons\u00e9quences d\u00e9sastreuses d\u2019une forme contemporaine de p\u00e9nalisation de la contestation.\u00a0\u00bb (par le syndicat de la magistrature)<\/p>\n<p style=\"text-align: justify\"><a href=\"http:\/\/www.guidedumanifestant.org\/\" target=\"_blank\">http:\/\/www.guidedumanifestant.org\/<\/a><\/p>\n<p style=\"text-align: justify\"><strong>KIT FEUF &#8211; LE GUIDE PRATIQUE DU CONTR\u00d4LE D&rsquo;IDENTIT\u00c9<\/strong><\/p>\n<p style=\"text-align: justify\">\u00ab\u00a0D\u00e9couvrez la 4\u00e8me version du d\u00e9sormais c\u00e9l\u00e8bre \u00ab\u00a0Kit Keuf\u00a0\u00bb du RAIDH !<\/p>\n<p style=\"text-align: justify\">Cet outil p\u00e9dagogique rappelle les droits et devoirs des citoyens et ceux des forces de l\u2019ordre et agents de s\u00e9curit\u00e9, en recensant les \u00e9tapes proc\u00e9durales les plus courantes : relev\u00e9 et contr\u00f4le d\u2019identit\u00e9, garde \u00e0 vue, \u00e9nonciation des droits, droit \u00e0 contacter un avocat, poursuite au p\u00e9nal des policiers commettant des violences injustifi\u00e9es, saisine de la police des polices&#8230;\u00a0\u00bb (par le R\u00e9seau d&rsquo;alerte et d&rsquo;intervention pour les droits de l&rsquo;homme)<\/p>\n<p style=\"text-align: justify\"><a href=\"http:\/\/www.raidh.org\/IMG\/pdf\/Kit_Keuf_RAIDH_V4bis.pdf\" target=\"_blank\">http:\/\/www.raidh.org\/IMG\/pdf\/Kit_Keuf_RAIDH_V4bis.pdf <\/a><\/p>\n<p style=\"text-align: justify\">\n<p style=\"text-align: justify\"><a href=\"https:\/\/juralib.noblogs.org\/files\/2012\/11\/kit-pole-emploi.pdf\" target=\"_blank\"><strong>GUIDE POLE EMPLOI<\/strong><\/a><\/p>\n<p style=\"text-align: justify\">\n","protected":false},"excerpt":{"rendered":"<p>PARUTION DU PREMIER TOME DU GUIDE D&rsquo;AUTOD\u00c9FENSE NUM\u00c9RIQUE Cet ouvrage vise \u00e0 pr\u00e9senter l\u2019\u00ababsence d\u2019intimit\u00e9\u00bb du monde num\u00e9rique et des m\u00e9thodes pour ajuster ses pratiques en cons\u00e9quence. Beaucoup d\u2019entre nous utilisent quotidiennement, et souvent avec une certaine insouciance, les technologies num\u00e9riques. Pourtant, ce qui a motiv\u00e9 leur cr\u00e9ation et leur d\u00e9veloppement, tout autant que certaines &hellip; <a href=\"https:\/\/fa86.noblogs.org\/?page_id=29\" class=\"more-link\">Continuer la lecture de <span class=\"screen-reader-text\">Outils<\/span> <span class=\"meta-nav\">&rarr;<\/span><\/a><\/p>\n","protected":false},"author":2691,"featured_media":0,"parent":0,"menu_order":0,"comment_status":"open","ping_status":"open","template":"","meta":{"footnotes":""},"class_list":["post-29","page","type-page","status-publish","hentry"],"_links":{"self":[{"href":"https:\/\/fa86.noblogs.org\/index.php?rest_route=\/wp\/v2\/pages\/29","targetHints":{"allow":["GET"]}}],"collection":[{"href":"https:\/\/fa86.noblogs.org\/index.php?rest_route=\/wp\/v2\/pages"}],"about":[{"href":"https:\/\/fa86.noblogs.org\/index.php?rest_route=\/wp\/v2\/types\/page"}],"author":[{"embeddable":true,"href":"https:\/\/fa86.noblogs.org\/index.php?rest_route=\/wp\/v2\/users\/2691"}],"replies":[{"embeddable":true,"href":"https:\/\/fa86.noblogs.org\/index.php?rest_route=%2Fwp%2Fv2%2Fcomments&post=29"}],"version-history":[{"count":4,"href":"https:\/\/fa86.noblogs.org\/index.php?rest_route=\/wp\/v2\/pages\/29\/revisions"}],"predecessor-version":[{"id":7285,"href":"https:\/\/fa86.noblogs.org\/index.php?rest_route=\/wp\/v2\/pages\/29\/revisions\/7285"}],"wp:attachment":[{"href":"https:\/\/fa86.noblogs.org\/index.php?rest_route=%2Fwp%2Fv2%2Fmedia&parent=29"}],"curies":[{"name":"wp","href":"https:\/\/api.w.org\/{rel}","templated":true}]}}